5, 7, 373
List the prime factors of 2097999.
3, 19, 12269
List the prime factors of 269289.
3, 29921
List the prime factors of 958855.
5, 37, 71, 73
List the prime factors of 1163006.
2, 13, 41, 1091
What are the prime factors of 2712615?
3, 5, 193, 937
List the prime factors of 4846945.
5, 659, 1471
List the prime factors of 283126.
2, 53, 2671
List the prime factors of 231807.
3, 77269
List the prime factors of 146135.
5, 11, 2657
What are the prime factors of 165292?
2, 31, 43
List the prime factors of 2197039.
13, 169003
List the prime factors of 3978708.
2, 3, 233, 1423
What are the prime factors of 660951?
3, 23, 31, 103
What are the prime factors of 525039?
3, 175013
What are the prime factors of 448866?
2, 3, 11, 2267
List the prime factors of 15942.
2, 3, 2657
What are the prime factors of 82935?
3, 5, 19, 97
List the prime factors of 8174.
2, 61, 67
What are the prime factors of 5339192?
2, 31, 21529
List the prime factors of 1261109.
1261109
List the prime factors of 155753.
13, 11981
What are the prime factors of 17517488?
2, 1094843
List the prime factors of 1979256.
2, 3, 82469
List the prime factors of 2034011.
7, 277, 1049
What are the prime factors of 164088?
2, 3, 43, 53
What are the prime factors of 26064124?
2, 19, 342949
What are the prime factors of 573035?
5, 31, 3697
What are the prime factors of 1432230?
2, 3, 5, 47741
List the prime factors of 7122532.
2, 1780633
What are the prime factors of 443003?
11, 17, 23, 103
List the prime factors of 10629281.
13, 817637
List the prime factors of 6990937.
2459, 2843
What are the prime factors of 9280251?
3, 114571
What are the prime factors of 27386?
2, 13693
What are the prime factors of 516778?
2, 258389
What are the prime factors of 1427660?
2, 5, 13, 17, 19
What are the prime factors of 4694154?
2, 3, 67, 11677
List the prime factors of 518248.
2, 64781
What are the prime factors of 430512?
2, 3, 8969
What are the prime factors of 12515437?
11, 1137767
List the prime factors of 1507668.
2, 3, 125639
What are the prime factors of 1103124?
2, 3, 11, 61, 137
What are the prime factors of 46899?
3, 193
What are the prime factors of 400591?
23, 17417
What are the prime factors of 5485933?
1009, 5437
List the prime factors of 1259862.
2, 3, 209977
What are the prime factors of 149112?
2, 3, 19, 109
List the prime factors of 183650.
2, 5, 3673
What are the prime factors of 1587324?
2, 3, 17, 31, 251
What are the prime factors of 30486669?
3, 10162223
What are the prime factors of 7438878?
2, 3, 47, 977
List the prime factors of 75300.
2, 3, 5, 251
List the prime factors of 6738746.
2, 7, 163, 2953
List the prime factors of 2530605.
3, 5, 7, 11, 313
What are the prime factors of 461595?
3, 5, 30773
What are the prime factors of 2658373?
2658373
List the prime factors of 98373.
3, 11, 271
What are the prime factors of 279162?
2, 3, 13, 1193
What are the prime factors of 1415385?
3, 5, 71, 443
What are the prime factors of 1071011?
19, 56369
List the prime factors of 1105676.
2, 11, 13, 1933
List the prime factors of 611488.
2, 97, 197
What are the prime factors of 2189214?
2, 3, 71, 571
List the prime factors of 134466.
2, 3, 73, 307
List the prime factors of 117640.
2, 5, 17, 173
What are the prime factors of 267481?
267481
List the prime factors of 1788796.
2, 337, 1327
List the prime factors of 288176.
2, 7, 31, 83
List the prime factors of 34605180.
2, 3, 5, 192251
What are the prime factors of 49986?
2, 3, 2777
What are the prime factors of 5704303?
11, 47143
List the prime factors of 994378.
2, 7, 11, 587
What are the prime factors of 1080162?
2, 3, 83, 241
List the prime factors of 26393.
26393
What are the prime factors of 1530126?
2, 3, 13, 503
List the prime factors of 6124473.
3, 401, 1697
List the prime factors of 10607302.
2, 5303651
What are the prime factors of 1357769?
7, 31, 6257
List the prime factors of 4409901.
3, 489989
What are the prime factors of 811865?
5, 397, 409
List the prime factors of 4198834.
2, 23, 37, 2467
What are the prime factors of 24872328?
2, 3, 13, 26573
What are the prime factors of 666048?
2, 3, 3469
What are the prime factors of 647772?
2, 3, 23, 2347
What are the prime factors of 218211?
3, 7, 10391
What are the prime factors of 15347976?
2, 3, 7, 31, 421
List the prime factors of 25473635.
5, 11, 463157
List the prime factors of 3916937.
257, 15241
List the prime factors of 4037553.
3, 13, 11503
What are the prime factors of 2063608?
2, 31, 53, 157
What are the prime factors of 8089053?
3, 7, 385193
List the prime factors of 370824.
2, 3, 15451
What are the prime factors of 1597977?
3, 177553
List the prime factors of 2460781.
2460781
List the prime factors of 4743141.
3, 13, 19, 37, 173
What are the prime factors of 13273595?
5, 2654719
What are the prime factors of 207527?
139, 1493
List the prime factors of 59413.
19, 53, 59
What are the prime factors of 3463254?
2, 3, 181, 1063
List the prime factors of 250198.
2, 13, 9623
What are the prime factors of 275255?
5, 55051
List the prime factors of 31281.
3, 10427
What are the prime factors of 2307899?
11, 209809
List the prime factors of 5533048.
2, 691631
List the prime factors of 3862290.
2, 3, 5, 31, 4153
List the prime factors of 63817.
13, 4909
What are the prime factors of 11059?
11059
List the prime factors of 771245.
5, 73, 2113
What are the prime factors of 4174310?
2, 5, 7, 1217
What are the prime factors of 319979?
11, 19, 1531
List the prime factors of 594033.
3, 11, 47, 383
What are the prime factors of 765419?
37, 137, 151
List the prime factors of 234511.
234511
What are the prime factors of 5661828?
2, 3, 157273
List the prime factors of 21580696.
2, 2697587
List the prime factors of 1566866.
2, 7, 111919
What are the prime factors of 3341923?
13, 23, 11177
What are the prime factors of 618027?
3, 206009
List the prime factors of 673679.
163, 4133
What are the prime factors of 484899?
3, 19, 47, 181
What are the prime factors of 7047452?
2, 17, 61, 1699
What are the prime factors of 506447?
17, 31
List the prime factors of 7853643.
3, 7, 17, 7333
List the prime factors of 78395.
5, 15679
What are the prime factors of 280329?
3, 7, 1907
List the prime factors of 159640.
2, 5, 13, 307
What are the prime factors of 184008?
2, 3, 11, 17, 41
List the prime factors of 16449.
3, 5483
What are the prime factors of 91419?
3, 31, 983
What are the prime factors of 20515429?
11, 43, 3943
List the prime factors of 38583.
3, 1429
What are the prime factors of 6250?
2, 5
What are the prime factors of 6705483?
3, 2235161
What are the prime factors of 12014704?
2, 13, 47, 1229
What are the prime factors of 266081?
266081
List the prime factors of 305476.
2, 76369
What are the prime factors of 624229?
624229
What are the prime factors of 725800?
2, 5, 19, 191
List the prime factors of 2151384.
2, 3, 17, 5273
List the prime factors of 167745.
3, 5, 53, 211
List the prime factors of 6370945.
5, 7, 182027
List the prime factors of 15541295.
5, 7, 11, 37, 1091
List the prime factors of 194316.
2, 3, 16193
List the prime factors of 5467911.
3, 1822637
What are the prime factors of 17568011?
17568011
List the prime factors of 10667918.
2, 5333959
What are the prime factors of 423586?
2, 19, 71, 157
List the prime factors of 33162537.
3, 443, 24953
List the prime factors of 216524.
2, 7, 11, 19, 37
List the prime factors of 3051460.
2, 5, 271, 563
List the prime factors of 2355634.
2, 59, 19963
List the prime factors of 6847062.
2, 3, 43, 26539
What are the prime factors of 753454?
2, 13, 28979
List the prime factors of 682121.
11, 62011
List the prime factors of 13106560.
2, 5, 20479
What are the prime factors of 2815298?
2, 337, 4177
What are the prime factors of 15554877?
3, 13, 23, 17341
What are the prime factors of 1726196?
2, 23, 29, 647
List the prime factors of 12822294.
2, 3, 2137049
What are the prime factors of 7756671?
3, 13, 59, 3371
What are the prime factors of 175032?
2, 3, 11, 13, 17
What are the prime factors of 1046265?
3, 5, 11, 17, 373
What are the prime factors of 4811384?
2, 601423
List the prime factors of 13095443.
29, 281, 1607
List the prime factors of 435547.
7, 43, 1447
What are the prime factors of 96422?
2, 37, 1303
What are the prime factors of 1825802?
2, 